nder when 13007 is divided by 250.
7
Calculate the remainder when 5942 is divided by 136.
94
Calculate the remainder when 1780 is divided by 418.
108
Calculate the remainder when 8067 is divided by 207.
201
What is the remainder when 18 is divided by 4?
2
What is the remainder when 7519238 is divided by 1279?
1276
Calculate the remainder when 2225101 is divided by 78.
73
Calculate the remainder when 676019 is divided by 214.
207
What is the remainder when 27414 is divided by 347?
1
What is the remainder when 230453 is divided by 23?
16
What is the remainder when 80477 is divided by 26821?
14
Calculate the remainder when 28999 is divided by 9665.
4
Calculate the remainder when 4295 is divided by 539.
522
Calculate the remainder when 304 is divided by 60.
4
Calculate the remainder when 9402 is divided by 39.
3
Calculate the remainder when 5072 is divided by 364.
340
Calculate the remainder when 2052 is divided by 991.
70
Calculate the remainder when 1655687 is divided by 12.
11
Calculate the remainder when 7423 is divided by 1235.
13
Calculate the remainder when 50379 is divided by 882.
105
What is the remainder when 121151 is divided by 48?
47
Calculate the remainder when 94229 is divided by 496.
485
What is the remainder when 96071 is divided by 129?
95
Calculate the remainder when 90762 is divided by 128.
10
What is the remainder when 303029 is divided by 455?
454
Calculate the remainder when 12892 is divided by 772.
540
Calculate the remainder when 2506 is divided by 898.
710
Calculate the remainder when 160 is divided by 148.
12
Calculate the remainder when 12811 is divided by 267.
262
Calculate the remainder when 100679 is divided by 197.
12
What is the remainder when 26002 is divided by 102?
94
Calculate the remainder when 102594 is divided by 69.
60
What is the remainder when 1065593 is divided by 59?
53
Calculate the remainder when 3986 is divided by 440.
26
What is the remainder when 270193 is divided by 19?
13
Calculate the remainder when 309348 is divided by 538.
536
What is the remainder when 8946 is divided by 112?
98
Calculate the remainder when 4711 is divided by 44.
3
What is the remainder when 29776 is divided by 268?
28
What is the remainder when 580102 is divided by 56?
54
What is the remainder when 7745 is divided by 17?
10
Calculate the remainder when 7268856 is divided by 27.
24
Calculate the remainder when 24918 is divided by 2264.
14
What is the remainder when 70430 is divided by 272?
254
Calculate the remainder when 576161 is divided by 916.
913
What is the remainder when 59949 is divided by 189?
36
What is the remainder when 2684 is divided by 54?
38
What is the remainder when 24383 is divided by 29?
23
Calculate the remainder when 788775 is divided by 197191.
11
What is the remainder when 96177 is divided by 458?
455
What is the remainder when 10242 is divided by 206?
148
Calculate the remainder when 14401 is divided by 44.
13
Calculate the remainder when 54866 is divided by 94.
64
Calculate the remainder when 2492 is divided by 277.
276
Calculate the remainder when 2309 is divided by 34.
31
What is the remainder when 219585 is divided by 43917?
0
What is the remainder when 231035 is divided by 160?
155
Calculate the remainder when 321217 is divided by 319.
303
Calculate the remainder when 231609 is divided by 12.
9
Calculate the remainder when 217853 is divided by 5066.
15
Calculate the remainder when 24787 is divided by 2754.
1
What is the remainder when 5387 is divided by 76?
67
What is the remainder when 144599 is divided by 23?
21
What is the remainder when 8819 is divided by 520?
499
Calculate the remainder when 913 is divided by 77.
66
Calculate the remainder when 209 is divided by 66.
11
What is the remainder when 338182 is divided by 239?
236
What is the remainder when 4574 is divided by 142?
30
Calculate the remainder when 3002 is divided by 671.
318
What is the remainder when 2504 is divided by 156?
8
What is the remainder when 2208 is divided by 673?
189
What is the remainder when 288 is divided by 176?
112
What is the remainder when 273476 is divided by 114?
104
Calculate the remainder when 35907 is divided by 45.
42
Calculate the remainder when 85688 is divided by 38.
36
What is the remainder when 592144 is divided by 65?
59
What is the remainder when 3072 is divided by 234?
30
Calculate the remainder when 48406 is divided by 8030.
226
Calculate the remainder when 352131 is divided by 9.
6
What is the remainder when 495 is divided by 228?
39
Calculate the remainder when 2088 is divided by 1020.
48
What is the remainder when 27293 is divided by 1796?
353
Calculate the remainder when 7389 is divided by 10.
9
Calculate the remainder when 59229 is divided by 7.
2
Calculate the remainder when 3960 is divided by 3957.
3
Calculate the remainder when 15705 is divided by 449.
439
Calculate the remainder when 1221 is divided by 257.
193
What is the remainder when 39667 is divided by 76?
71
Calculate the remainder when 29898 is divided by 2989.
8
What is the remainder when 174264 is divided by 87129?
6
What is the remainder when 2896 is divided by 1219?
458
Calculate the remainder when 14183 is divided by 1548.
251
What is the remainder when 28291 is divided by 9310?
361
What is the remainder when 4954 is divided by 2434?
86
Calculate the remainder when 96819 is divided by 11.
8
Calculate the remainder when 3837 is divided by 1002.
831
Calculate the remainder when 69002 is divided by 8624.
10
What is the remainder when 543163 is divided by 102?
13
What is the remainder when 8676 is divided by 962?
18
What is the remainder when 16911 is divided by 28?
27
Calculate the remainder when 1082 is divided by 274.
260
Calculate the remainder when 94598 is divided by 44.
42
Calculate the remainder when 80 is divided by 22.
14
Calculate the remainder when 3368021 is divided by 21.
20
Calculate the remainder when 13448 is divided by 532.
148
What is the remainder when 22275 is divided by 47?
44
Calculate the remainder when 16989 is divided by 774.
735
What is the remainder when 2288411 is divided by 1134?
1133
Calculate the remainder when 383 is divided by 61.
17
What is the remainder when 19710 is divided by 111?
63
Calculate the remainder when 21657 is divided by 238.
237
What is the remainder when 3715 is divided by 167?
41
What is the remainder when 843222 is divided by 531?
525
What is the remainder when 1295 is divided by 317?
27
What is the remainder when 480009 is divided by 60000?
9
Calculate the remainder when 7232 is divided by 7232.
0
What is the remainder when 5874 is divided by 21?
15
Calculate the remainder when 89101 is divided by 24.
13
What is the remainder when 311 is divided by 18?
5
Calculate the remainder when 113881 is divided by 29.
27
Calculate the remainder when 5741 is divided by 174.
173
Calculate the remainder when 6691 is divided by 1321.
86
Calculate the remainder when 167337 is divided by 545.
22
Calculate the remainder when 1668 is divided by 1649.
19
Calculate the remainder when 1259747 is divided by 126.
125
Calculate the remainder when 971 is divided by 58.
43
Calculate the remainder when 2823 is divided by 156.
15
Calculate the remainder when 68330 is divided by 2009.
24
What is the remainder when 595009 is divided by 44?
41
Calculate the remainder when 2713 is divided by 14.
11
What is the remainder when 81835 is divided by 223?
217
Calculate the remainder when 5725 is divided by 336.
13
What is the remainder when 299926 is divided by 74976?
22
What is the remainder when 385112 is divided by 93?
92
What is the remainder when 171109 is divided by 292?
289
What is the remainder when 5606 is divided by 5556?
50
Calculate the remainder when 4855 is divided by 4759.
96
Calculate the remainder when 373696 is divided by 865.
16
Calculate the remainder when 1300 is divided by 547.
206
Calculate the remainder when 2380 is divided by 1163.
54
What is the remainder when 62287 is divided by 2395?
17
Calculate the remainder when 2307 is divided by 198.
129
What is the remainder when 172928 is divided by 264?
8
Calculate the remainder when 59540 is divided by 14875.
40
What is the remainder when 2957905 is divided by 118?
117
Calculate the remainder when 54717 is divided by 608.
605
Calculate the r